ose 0 - 3 = -n*p. What is the greatest common factor of p and 1?
1
Suppose z + 3*z = 0. Suppose z*x + 46 = 2*x. Calculate the greatest common divisor of x and 23.
23
Let q(p) = -2*p**2 + p - 147. Let y be q(0). Let s = y + 255. Calculate the greatest common factor of 18 and s.
18
Let v(x) = 10*x**2 + 2*x - 1. Let d be v(-2). Let r = 53 - d. Let l = 259 - 61. What is the greatest common factor of r and l?
18
Let k be 72/4 + -5 + (-6)/(-3). Suppose -217 = -3*i + 2*q, 2*i + 4*q + 0*q = 166. What is the highest common factor of i and k?
15
Let a(v) = -2 - v**2 + 7*v + 2*v**2 + 3. Let n(q) = -q**2 + q + 4. Let f be n(-3). Let p be a(f). Calculate the greatest common factor of 6 and p.
3
Let f = 59 + -27. Calculate the highest common divisor of f and 32.
32
Suppose -2*q - 6 = -3*q. Suppose -2*y + 18 = y. Let z be 328/5 + y/15. What is the greatest common divisor of q and z?
6
Let m(t) = 40*t**2. Let k be m(-1). Let b be (-664)/28 - 2/7. Let w = -16 - b. Calculate the greatest common divisor of k and w.
8
Let b(v) = 2*v - 10. Let k be b(9). Let o be k/(-5) - 2/5. Let l be (-3)/((-3)/o) - -11. What is the highest common divisor of l and 1?
1
Let a(f) = 4*f - 20. Let t be a(16). Calculate the highest common divisor of t and 66.
22
Let j(b) = -b**2 + 8*b - 6. Let k be j(6). Suppose -5*y + 2 = -x - k, 3*y = 6. Calculate the greatest common divisor of 1 and x.
1
Let s(i) = -i**3 - 5*i**2 + 2*i. Let z be s(-5). Let u = z + 2. Let m be 2/(-8) + (-130)/u. What is the highest common factor of 176 and m?
16
Suppose 0 = -3*q + 7*q + 4*t, -5*q = 2*t - 12. What is the highest common factor of 10 and q?
2
Let s(v) = 2*v**2 + 5. Let m be s(3). Let y = -14 + m. Calculate the greatest common factor of 99 and y.
9
Let k(w) = w**2 - 12*w + 15. Let x be k(12). Let c be (30/(-8))/(10/(-320)). What is the highest common factor of x and c?
15
Let c be (3/6)/(1/8). Let s = c + -1. Suppose 0 = -s*r + 2*r + 16. What is the highest common factor of r and 24?
8
Let t be (-2)/11 + (-90)/(-11). Suppose 2*b = -4*g + b + 12, 4*g - 5*b = -12. Let v be ((-16)/(-6))/(g/6). Calculate the highest common divisor of t and v.
8
Suppose 25 = 3*m - 2*m. Let z = 12 - 5. Let p = z - -3. Calculate the highest common divisor of p and m.
5
Let z(n) = -57*n - 2. Let t be z(-2). Let k = -6 - -18. Let x be (k - 5)/((-2)/(-4)). Calculate the greatest common factor of t and x.
14
Suppose r - 17 = -3*w, -2*w = -r + 15 + 7. Let h = 8 - 5. Suppose h*m - 640 = -m. What is the greatest common factor of r and m?
20
Suppose -n = 2*i - 2 + 7, 8 = 5*n - i. Suppose 8*w = 3*w + 5. Calculate the greatest common divisor of n and w.
1
Let y(g) = g**3 - 4*g**2 + 2*g - 3. Let b be y(4). Suppose -11 = -b*s + 4*s. Calculate the highest common factor of s and 11.
11
Let y(t) = 54*t**3 + 3*t**2 - t - 1. Let b be y(1). Calculate the highest common factor of b and 5.
5
Let c = 6 + 0. Calculate the highest common factor of c and 54.
6
Let o(w) = w**3 - 12*w**2 - 13*w - 4. Let m be o(13). Let c be (-48)/m + 0/(-1). What is the highest common divisor of 96 and c?
12
Suppose -3*c = -33 - 9. What is the highest common factor of c and 28?
14
Suppose -84 = -2*s - 5*s. Let i = 209 + -113. What is the greatest common divisor of i and s?
12
Suppose -4*n = 6*k - 3*k + 98, 0 = 2*k + 5*n + 70. Let g = k + 52. Let c be (-3)/9 - (-34)/3. What is the highest common factor of g and c?
11
Let i be (2/4)/((-6)/(-72)). Suppose i = -4*d - 46. Let q = d + 19. What is the greatest common divisor of q and 54?
6
Let f(k) = k**3 - 9*k**2 - 12*k + 5. Let d be f(11). What is the greatest common divisor of d and 46?
23
Suppose 7*p - 30 - 19 = 0. Calculate the highest common factor of p and 28.
7
Let f = 86 + -83. Let u be 2 + (-20 + 1)/(-1). What is the greatest common factor of f and u?
3
Suppose 0 = -3*g + 7 - 1. Suppose 0 = -3*z - 3*d + 275 + 238, 3*z + g*d = 518. Calculate the highest common divisor of 22 and z.
22
Let y(w) = 23*w - 2. Let u be y(8). Suppose -5*t - 2*x = -3*t - 42, -5*t = x - 125. Calculate the greatest common divisor of u and t.
26
Suppose 2*r + 4 - 26 = 0. Let b(t) = 44*t - 275. Let w be b(7). What is the highest common factor of r and w?
11
Suppose -j + 1 = 0, -4*j + j = -3*a. Let c = 1 + 20. Suppose 8*m = 4*r + 3*m - 46, 3*m - c = -3*r. What is the highest common divisor of a and r?
1
Let w = -82 - -84. Calculate the greatest common factor of w and 34.
2
Suppose -7*u - 4 = -3*u. Let m = 24 - u. Calculate the highest common factor of m and 10.
5
Suppose x = -3*q + 224, 0 = -3*x - 0*q - 2*q + 665. Calculate the greatest common factor of x and 17.
17
Let y be (197 - -1)*4/6. Suppose -4*o = l + 14 - 58, -3*l - 72 = -5*o. What is the greatest common factor of o and y?
12
Let s(t) = -2*t**3 - 2*t**2 + 2*t - 2. Let n be s(-3). Suppose 2*r - n = -2*r. Calculate the highest common factor of 63 and r.
7
Suppose 4*f - 12 = -4*b, -5*f = 2*b + 2 - 11. Let u be 1 - (-2 + -57)/f. Calculate the highest common factor of 15 and u.
15
Let r be 16/(-5)*(-25)/2. Let o(q) = -4*q**3 + 2*q**2 + 4*q + 3. Let z be o(-1). What is the highest common factor of z and r?
5
Let u be ((-1)/(-4))/((-1)/(-4)). Let f = 0 + u. Suppose -2*l - 5*p - 19 = -50, 2*l - 5*p = -19. Calculate the greatest common factor of l and f.
1
Let y = 18 + -14. Let f(t) = t**2 - 2. Let c be f(y). Calculate the greatest common divisor of c and 28.
14
Let s(c) = -1 + 0 + c**2 + 3. Let r be s(-4). Suppose -4*j + 7 + 44 = -b, 0 = -3*j + 2*b + 42. Calculate the greatest common factor of r and j.
6
Suppose -50 = -m - m. Suppose -f + 2 + 4 = 0. Let w be 26/f - (-4)/6. Calculate the highest common divisor of w and m.
5
Let v be -5*((-12)/3 - -2). Suppose 0 = -o + 2*o - v. Suppose 5*g - 58 = -8. What is the greatest common factor of o and g?
10
Suppose 2*h - 6*h + 16 = 0. Suppose 40 = 2*d - q, h*q = 3*d - q - 67. Let m = d - 8. What is the greatest common divisor of 11 and m?
11
Let o be (-7)/7 - (1 - 29). Let q = 36 - 20. Let h = q + -7. What is the highest common factor of h and o?
9
Suppose 2*k - 2 = 0, -l = -4*l + k + 77. Let u be ((-2328)/(-10) - -1) + 112/560. Calculate the greatest common divisor of u and l.
26
Let r = 3 + 0. Let k be 6/(-21) + 130/14. What is the greatest common factor of k and r?
3
Let l = -30 - -48. Let y(h) = h**2 + 6*h. Let q be y(-6). Let w be (2 + q - 1) + 5. What is the greatest common divisor of w and l?
6
Suppose 5*j - 16 = -4*c, 0*j = -2*c + j + 8. Let p be c/6 + 39/9. Suppose -3*w = -p*w + 70. Calculate the highest common divisor of w and 5.
5
Let a be (-1)/(-2 - (-31)/16). Suppose -9*f + 152 - 8 = 0. Calculate the highest common factor of f and a.
16
Let d(x) = x**3 + 2*x**2 - 4*x. Let s be d(-3). Suppose -17 = s*p - 107. Let t = -8 - -18. Calculate the greatest common factor of t and p.
10
Suppose 11*j - 3*j - 240 = 0. What is the highest common divisor of 90 and j?
30
Suppose -3*m - 4*x - 65 = -2017, 5*m + 3*x - 3246 = 0. Suppose -7*b + 11*b - m = 0. What is the greatest common factor of b and 18?
18
Let f(i) = i + 23. Let v be f(0). Calculate the greatest common factor of 23 and v.
23
Let m = -32 + 14. Let l = -8 - m. Suppose 3*w + 135 = 5*v, v - 3*w = w + 10. What is the greatest common factor of v and l?
10
Let m be 13/5 - (-14)/35. Suppose 0 = -3*l + o + 132, 26 = -4*l - m*o + 215. Let p be l/6*18/15. Calculate the highest common divisor of p and 81.
9
Let f = 7 + -3. Suppose 62 = m + f*g + 24, 5*g = -4*m + 108. What is the greatest common divisor of 2 and m?
2
Suppose 5*j + 5*u = 730, j = 2*u + 126 + 14. Calculate the highest common factor of j and 16.
16
Let b(h) = -9*h - 57. Let l be b(-13). What is the highest common factor of 12 and l?
12
Suppose 4*z - 35 = 45. Suppose 0 = 8*h - 3*h - 250. What is the greatest common divisor of z and h?
10
Suppose -a + 2 = p, -2*p + 4 = -0*a - a. Suppose 2*m + p*u - 36 = 0, 2*m + m = 3*u + 66. What is the highest common divisor of 30 and m?
10
Suppose 4*g - 39 = -3*b, 2*b + 10 = 4*b. What is the greatest common factor of 12 and g?
6
Let k(u) = -u + 5. Suppose 4*t + 35 = -3*r, 0*r + t = -5*r - 30. Let l be k(r). Calculate the highest common divisor of l and 10.
10
Let s be 280*2/(-20)*-4. Calculate the greatest common factor of s and 14.
14
Let r(a) be the first derivative of a**2/2 - a - 1. Let t be r(-3).